emainder when 56 is divided by (-12)/x*2 + 22.
18
Suppose -4*t + 2*t - 15 = -3*j, 4*t = 2*j - 10. Suppose -j*k = -35 - 35. Suppose -d = -5 - 20. What is the remainder when d is divided by k?
11
Let s(k) = k**3 - 9*k**2 + 2*k - 20. Let p be s(9). Let w(u) = 6*u**2 - 2*u + 2. What is the remainder when w(p) is divided by 11?
8
Suppose 48*t - 52*t + 32 = 0. Suppose 4*h = 16 + t. Suppose 101 = 5*s - z, 3*s - 30 = -z + 37. Calculate the remainder when s is divided by h.
3
Let n(g) = -g**2 - 19*g - 62. What is the remainder when 47 is divided by n(-6)?
15
Let o(r) = -r - 1. Let n be o(0). Let w be 0/(n/(3/(-6))). Suppose w = 5*c - 389 + 59. Calculate the remainder when c is divided by 23.
20
Let a(j) = -j**3 - 5*j**2 + 10*j - 2. Calculate the remainder when 361 is divided by a(-7).
23
Suppose 10 = -5*y + 10*y. Suppose 6*x - y*x = 60. Let c = 24 - x. What is the remainder when 15 is divided by c?
6
Suppose 494 + 161 = -5*s. Let b = 12 - s. Calculate the remainder when b is divided by 36.
35
Calculate the remainder when (77/(-14) - -5) + (-53)/(-2) is divided by 8.
2
Suppose -13 = 3*a - 40. Calculate the remainder when a is divided by -2*14*(-1)/4.
2
Suppose 22*o + 689 = 35*o. Calculate the remainder when o is divided by 27.
26
Let x be 0 - (-3 + 4 + 3). Let o(g) = 6*g + 5. Let y(t) = 12*t + 10. Let c(v) = 5*o(v) - 3*y(v). What is the remainder when 55 is divided by c(x)?
17
Let h(a) = 41 - 6*a**2 + 27 - 2*a + 7*a**2. Calculate the remainder when h(0) is divided by 24.
20
Let v(a) = -a - 1. Let x be v(4). Calculate the remainder when 35 is divided by 40/(-100) - 47/x.
8
Let n = -1294 + 1297. What is the remainder when n is divided by 1?
0
Let h be 2/7 - 288/(-21). Let l(y) = 5*y**2 + y. Let i be l(1). Calculate the remainder when 46 is divided by h + (-3 + i - 5).
10
Calculate the remainder when (-2)/3*(-35685)/30 is divided by 57.
52
Suppose 0*k - 15 = 5*k. Calculate the remainder when (k + -3)*18/(-4) is divided by 10.
7
Suppose -77 = -d - 4*x, -2*d + 0*d = 3*x - 159. Let k(g) = g + 4 + 22*g**2 - 4 + 0*g. What is the remainder when d is divided by k(-1)?
18
Let k(t) = -t**3 + 8*t**2 - 7*t - 4. Suppose -3*s - 9 = -3*n, 3*n - 4*s + 2 = n. Let r be k(n). Calculate the remainder when 2036/28 - r/14 is divided by 15.
13
Let y(o) = o**3 + 6*o**2 - o + 7. Let b be y(-6). Suppose -4*i - b = 3*v, 5*v + 0*v = 5*i + 25. What is the remainder when 29 is divided by (v + -2 - -8) + 1?
5
Suppose 5*u - 5 = 0, 0 = -0*h - 3*h - u + 190. Let l = 23 - -19. Suppose 3*y + 9 = 0, -3*y = 3*z - 6*y - l. What is the remainder when h is divided by z?
8
Let l(m) = -m + 17. Let n be l(-8). Let a = -11 + n. Calculate the remainder when a is divided by 8.
6
Let o(t) = t**3 + 45*t**2 + 33*t - 176. What is the remainder when o(-44) is divided by 15?
8
Let d = -67 + 70. Let n(k) = k**2 - 6*k + 5. Let r = -5 + 11. Calculate the remainder when n(r) is divided by d.
2
Suppose h = 2*h + 9. Let m = -4 - h. Suppose -53 = -m*z - 3. What is the remainder when 19 is divided by z?
9
Let w(l) = 20*l - 12. Let q(m) = m. Let d(a) = 24*q(a) - w(a). What is the remainder when d(12) is divided by 9?
6
Suppose -17 = t - 19. Suppose 5*j - 150 = -2*o, -5*j + 8*j - t*o = 74. What is the remainder when j is divided by (-4)/(2*(-2)/10)?
8
Suppose 2*a = 4*j - 149 + 191, -2*a = -5*j - 47. What is the remainder when a is divided by 4/14 - 19/(-7)?
2
Suppose 0*r - 3*w + 6 = 3*r, -3*w - 9 = 0. Suppose -z = 3*z - 12. Suppose 90 = 5*j + 4*b, 2*j + 2*b = z*j - 18. What is the remainder when j is divided by r?
3
Let j = 192 + -175. Suppose 4*z - 1 = 7. Suppose 0 = 2*k - 5*k - 6, -z*l = -4*k - 18. What is the remainder when j is divided by l?
2
Let u(n) = -n**2 + 7*n + 5. Let q(f) = f**2 - 4*f + 6. Let i be q(4). Calculate the remainder when (20/6)/(10/60) is divided by u(i).
9
Let x = 35 + -23. Let i = 8 - 5. Suppose 0*s - 38 = -s - v, 3*s = i*v + 96. What is the remainder when s is divided by x?
11
Suppose -11*b - 714 = -3057. What is the remainder when b is divided by 105?
3
Suppose 10 = 2*k - 0*a + a, -5*a = -k + 5. Let h be 290/35 - 5 - (-4)/(-14). Suppose -4*x - h*x = -84. Calculate the remainder when x is divided by k.
2
Suppose -m + 8 = -6. Suppose 2*p + 8 = 68. Suppose p = 5*o - 2*q, 2 = 3*o - 2*q - 12. Calculate the remainder when m is divided by o.
6
Let l(p) = -4*p + 3. Let k be l(3). Let u be k/(-18) + 186/4. Let q = -25 + u. Calculate the remainder when 42 is divided by q.
20
Let k(l) = l**3 + 9*l**2 + 14*l - 5. Let a = 1 + 4. Calculate the remainder when k(-6) is divided by a.
4
Let u = 112 + -56. Suppose -a - 19 = -u. Let l = -17 + 37. Calculate the remainder when a is divided by l.
17
Let y(j) = 15*j**3 - 3*j + 2. Let o be y(1). Let f(d) = -d**2 + 19*d - 17. Calculate the remainder when f(o) is divided by 14.
11
Suppose -119 = -4*t + 5*n, 10 = -3*t - 2*n + 128. Suppose -19 = 4*m - 5*m. What is the remainder when (-9)/t + 290/8 is divided by m?
17
Let z be (-1)/((-1)/9) + -3. What is the remainder when 426/14 - z/14 is divided by 11?
8
Suppose 4*r - 28 = -3*v - v, 0 = 4*v - 20. Suppose 3*p + 5*a - 73 = 0, -p + r*a + 7 = -10. Calculate the remainder when 70 is divided by p.
7
Let v(x) = -11*x - 24. Calculate the remainder when v(-7) is divided by 30.
23
Suppose 3*j - 217 = -4*o, -4*o - j + 222 = -3*j. Let w = o - 51. Calculate the remainder when 17 is divided by w.
1
Let m = -138 + 177. Calculate the remainder when m is divided by 15.
9
Let f(k) = -4*k + 2. What is the remainder when (-416)/(-24)*(14/4 + -2) is divided by f(-2)?
6
Let b be 8/(-28) + 2792/(-28). Suppose 5*c - 66 = 99. Calculate the remainder when c is divided by (10/(-15))/(b/(-51) + -2).
16
Let q = 128 - 111. What is the remainder when 31 is divided by q?
14
What is the remainder when (-5110)/56*(-80)/50 is divided by 134?
12
Suppose -o + 31 = 5*k, 79 - 16 = 3*o + 5*k. Let u(g) = -81*g - 635. Calculate the remainder when u(-9) is divided by o.
14
Suppose -t = 2*o - 13, -o - 9 = 3*t - 48. What is the remainder when t is divided by 5?
3
Suppose -5*s + 297 = 2*q + q, 99 = q - 4*s. Calculate the remainder when q is divided by 52.
47
Suppose 19*c - c - 432 = 0. Calculate the remainder when 37 is divided by c.
13
Suppose 5*i - 555 = -0*i. Let s = -79 + i. Suppose -5*j - r + 37 = -s, 0 = -5*j - 5*r + 65. What is the remainder when j is divided by 5?
4
Let q be 52/1 - (3 - 7). Let w = 79 - q. Calculate the remainder when w is divided by 12.
11
Let p = 54 - 60. What is the remainder when 77 is divided by (p + (4 - -5))*(-20)/(-6)?
7
Let z(u) = -81*u. Suppose 3*f + 5*g = -8, 5*f + 2*g + 3*g = -10. Let j(n) = -n + 23. What is the remainder when z(f) is divided by j(9)?
11
Suppose 5*i - 2*i = 54. Let n(p) = 3*p**2 - 7*p - 5. Suppose -5*c - 20 = -0. Calculate the remainder when n(c) is divided by i.
17
Let n(y) = y**2 - y - 7. Let v be n(4). Suppose -40 = -v*i + i + 2*c, i + 4*c = 19. Calculate the remainder when i is divided by 6.
5
Suppose -q - 21 = -5*i, 5*q - 3*q + 21 = 3*i. What is the remainder when 34/(-4)*(0 - -1)*q is divided by 18?
15
Calculate the remainder when 204 is divided by (-12)/(-10) - (15 - (-4560)/(-75)).
16
Let u(w) = 2*w**2 - 6*w - 12 + 0*w + 8*w. Suppose 110 - 442 = -4*p. What is the remainder when p is divided by u(-5)?
27
Let l(n) = n + 17. Let o = 89 + -85. Calculate the remainder when l(-8) is divided by o.
1
Let s be 6*3/6 - -7. Suppose -2*f = -s*f + 40. Suppose 2*z + 3*x + 4 = 0, z = -3*x - 0*x - 8. Calculate the remainder when f is divided by z.
1
Let x be ((-48)/(-12))/(2/5). Suppose 27 - x = r. Calculate the remainder when 83 is divided by r.
15
Let t(q) = q**3 + 2*q + 369. Let n be t(0). Suppose -2*c + n = 63. Calculate the remainder when c is divided by 26.
23
Suppose 0 = -2*k - 4*w + 22, 8*w - 4*w + 8 = 0. Let s be -1*2/1 + -57. Calculate the remainder when s/(3/3)*-1 is divided by k.
14
Let g(w) = -10*w**3 + 9*w**2 + 19*w + 2. Calculate the remainder when g(-3) is divided by 33.
32
Let a = -23 - -45. Calculate the remainder when a is divided by (-4)/3*(3 + -12).
10
Suppose -2*v - y + 61 = 0, -7*y + 1 = -6*y. Calculate the remainder when 268 is divided by v.
28
Let h = 0 - -14. Suppose -h*o + 10 = -9*o. Suppose 156 = o*a + 22. What is the remainder when a is divided by 23?
21
Let m = -306 + 314. Calculate